{"id":211,"date":"2023-04-10T17:43:43","date_gmt":"2023-04-10T15:43:43","guid":{"rendered":"http:\/\/artetmemoire-maghreb.org\/?page_id=211"},"modified":"2025-10-11T23:55:00","modified_gmt":"2025-10-11T21:55:00","slug":"conferences","status":"publish","type":"page","link":"https:\/\/artetmemoire-maghreb.org\/index.php\/conferences\/","title":{"rendered":"Projections-d\u00e9bats"},"content":{"rendered":"\n<div class=\"wp-block-group alignfull is-layout-flow wp-block-group-is-layout-flow\" style=\"margin-top:0px;margin-bottom:0px\"><\/div>\n\n\n\n<div class=\"wp-block-columns has-background is-layout-flex wp-container-core-columns-is-layout-9db31a36 wp-block-columns-is-layout-flex\" style=\"background:linear-gradient(90deg,rgb(242,242,242) 21%,rgb(39,128,140) 21%,rgb(39,128,140) 50%,rgb(242,24,24) 50%,rgb(242,242,242) 50%);padding-top:50px;padding-bottom:50px\">\n<div class=\"wp-block-column is-vertically-aligned-center is-layout-flow wp-block-column-is-layout-flow\">\n<figure class=\"wp-block-image aligncenter size-full\"><img loading=\"lazy\" decoding=\"async\" width=\"460\" height=\"246\" src=\"http:\/\/artetmemoire-maghreb.org\/wp-content\/uploads\/2023\/04\/Conference-Algerie-2021.jpg\" alt=\"\" class=\"wp-image-215\" srcset=\"https:\/\/artetmemoire-maghreb.org\/wp-content\/uploads\/2023\/04\/Conference-Algerie-2021.jpg 460w, https:\/\/artetmemoire-maghreb.org\/wp-content\/uploads\/2023\/04\/Conference-Algerie-2021-300x160.jpg 300w\" sizes=\"auto, (max-width: 460px) 100vw, 460px\" \/><\/figure>\n<\/div>\n\n\n\n<div class=\"wp-block-column is-vertically-aligned-center is-layout-flow wp-block-column-is-layout-flow\" style=\"padding-left:50px\">\n<p class=\"has-medium-font-size\"><strong>D\u00e9bats : <\/strong><\/p>\n\n\n\n<p>L\u2019Association organise r\u00e9guli\u00e8rement des projections-d\u00e9bats, conf\u00e9rences ou tables rondes pour informer et susciter le d\u00e9bat.<\/p>\n\n\n\n<p><\/p>\n\n\n\n<div class=\"wp-block-buttons is-layout-flex wp-block-buttons-is-layout-flex\" style=\"margin-top:40px\"><\/div>\n<\/div>\n<\/div>\n\n\n\n<p><\/p>\n\n\n\n<ul class=\"wp-block-list\">\n<li>12 octobre 2025 : projection\/d\u00e9bat du film \u00ab\u00a0Deux vies pour l&rsquo;Alg\u00e9rie et tous les damn\u00e9s de la terre\u00a0\u00bb (en pr\u00e9sence de la co-r\u00e9alisatrice)<\/li>\n\n\n\n<li>20 juin 2025 : projection\/d\u00e9bat du film \u00ab\u00a0<em>Les mots qu&rsquo;elles eurent un jour<\/em>\u00a0\u00bb (en pr\u00e9sence du r\u00e9alisateur Rapha\u00ebl Pillosio)<\/li>\n\n\n\n<li>26 mai 2025 : projection\/d\u00e9bat du film \u00ab\u00a0<em>Bochra<\/em>\u00a0\u00bb (en pr\u00e9sence du r\u00e9alisateur Jilani Saadi et de Bochra Belhaj Hmida)<\/li>\n\n\n\n<li>17 mai 2025 : projection\/d\u00e9bat du film \u00ab\u00a0<em>Les massacres de S\u00e9tif<\/em>\u00a0\u00bb (en pr\u00e9sence de Sabrina et Salim Abda, descendants de&nbsp;victimes)<\/li>\n\n\n\n<li>13 avril 2024 : projection\/d\u00e9bat du film \u00ab\u00a0<em>Alg\u00e9riennes en France, l&rsquo;h\u00e9ritage<\/em>\u00a0\u00bb (en pr\u00e9sence de Samia MESSAOUDI)<\/li>\n\n\n\n<li>29 mars 2024 : projection\/d\u00e9bat du film \u00ab\u00a0<em>El Ja\u00efda\u00a0\u00bb<\/em>&nbsp;(d\u00e9bat avec la r\u00e9alisatrice Selma Baccar)<\/li>\n\n\n\n<li>30 janvier 2024 : projection\/d\u00e9bat du film  <em>\u00ab\u00a0Des Ailes\/DZ elles\u00a0\u00bb<strong>&nbsp;<\/strong><\/em>(en pr\u00e9sence de  Redha MENASSEL et Nahla Na\u00efli-Bouhired)<\/li>\n<\/ul>\n","protected":false},"excerpt":{"rendered":"<p>D\u00e9bats : L\u2019Association organise r\u00e9guli\u00e8rement des projections-d\u00e9bats, conf\u00e9rences ou tables rondes pour informer et susciter le d\u00e9bat.<\/p>\n","protected":false},"author":1,"featured_media":0,"parent":0,"menu_order":0,"comment_status":"closed","ping_status":"closed","template":"","meta":{"footnotes":""},"class_list":["post-211","page","type-page","status-publish","hentry"],"_links":{"self":[{"href":"https:\/\/artetmemoire-maghreb.org\/index.php\/wp-json\/wp\/v2\/pages\/211","targetHints":{"allow":["GET"]}}],"collection":[{"href":"https:\/\/artetmemoire-maghreb.org\/index.php\/wp-json\/wp\/v2\/pages"}],"about":[{"href":"https:\/\/artetmemoire-maghreb.org\/index.php\/wp-json\/wp\/v2\/types\/page"}],"author":[{"embeddable":true,"href":"https:\/\/artetmemoire-maghreb.org\/index.php\/wp-json\/wp\/v2\/users\/1"}],"replies":[{"embeddable":true,"href":"https:\/\/artetmemoire-maghreb.org\/index.php\/wp-json\/wp\/v2\/comments?post=211"}],"version-history":[{"count":16,"href":"https:\/\/artetmemoire-maghreb.org\/index.php\/wp-json\/wp\/v2\/pages\/211\/revisions"}],"predecessor-version":[{"id":335,"href":"https:\/\/artetmemoire-maghreb.org\/index.php\/wp-json\/wp\/v2\/pages\/211\/revisions\/335"}],"wp:attachment":[{"href":"https:\/\/artetmemoire-maghreb.org\/index.php\/wp-json\/wp\/v2\/media?parent=211"}],"curies":[{"name":"wp","href":"https:\/\/api.w.org\/{rel}","templated":true}]}}