{"id":36,"date":"2023-03-18T17:17:13","date_gmt":"2023-03-18T16:17:13","guid":{"rendered":"http:\/\/artetmemoire-maghreb.org\/?page_id=36"},"modified":"2025-10-11T23:51:18","modified_gmt":"2025-10-11T21:51:18","slug":"expositions","status":"publish","type":"page","link":"https:\/\/artetmemoire-maghreb.org\/index.php\/expositions\/","title":{"rendered":"Expositions"},"content":{"rendered":"\n<div class=\"wp-block-columns has-background is-layout-flex wp-container-core-columns-is-layout-9db31a36 wp-block-columns-is-layout-flex\" style=\"background:linear-gradient(90deg,rgb(242,242,242) 21%,rgb(39,128,140) 21%,rgb(39,128,140) 50%,rgb(242,24,24) 50%,rgb(242,242,242) 50%);padding-top:50px;padding-bottom:50px\">\n<div class=\"wp-block-column is-vertically-aligned-center is-layout-flow wp-block-column-is-layout-flow\">\n<figure class=\"wp-block-image aligncenter size-full\"><img loading=\"lazy\" decoding=\"async\" width=\"840\" height=\"520\" src=\"http:\/\/artetmemoire-maghreb.org\/wp-content\/uploads\/2023\/03\/ExpoBD2.jpg\" alt=\"\" class=\"wp-image-91\" srcset=\"https:\/\/artetmemoire-maghreb.org\/wp-content\/uploads\/2023\/03\/ExpoBD2.jpg 840w, https:\/\/artetmemoire-maghreb.org\/wp-content\/uploads\/2023\/03\/ExpoBD2-300x186.jpg 300w, https:\/\/artetmemoire-maghreb.org\/wp-content\/uploads\/2023\/03\/ExpoBD2-768x475.jpg 768w\" sizes=\"auto, (max-width: 840px) 100vw, 840px\" \/><\/figure>\n<\/div>\n\n\n\n<div class=\"wp-block-column is-vertically-aligned-center is-layout-flow wp-block-column-is-layout-flow\" style=\"padding-left:50px\">\n<hr class=\"wp-block-separator has-alpha-channel-opacity\"\/>\n\n\n\n<div class=\"wp-block-buttons is-layout-flex wp-block-buttons-is-layout-flex\" style=\"margin-top:40px\">\n<div class=\"wp-block-button\"><a class=\"wp-block-button__link has-text-align-left wp-element-button\">L\u2019Association Art et m\u00e9moire au Maghreb organise chaque ann\u00e9e des expositions. Vous pourrez en d\u00e9couvrir quelques unes ci-dessous (n&rsquo;h\u00e9sitez pas \u00e0 cliquer sur l&rsquo;affiche pour d\u00e9couvrir plus de d\u00e9tails sur chaque exposition) :<\/a><\/div>\n<\/div>\n<\/div>\n<\/div>\n\n\n\n<div class=\"wp-block-group alignfull is-layout-flow wp-block-group-is-layout-flow\" style=\"margin-top:0px;margin-bottom:0px;padding-top:0px;padding-right:0px;padding-bottom:0px;padding-left:0px\">\n<div class=\"wp-block-group has-background is-layout-flow wp-block-group-is-layout-flow\" style=\"background-color:#f6f6f6\">\n<div class=\"wp-block-columns is-layout-flex wp-container-core-columns-is-layout-28f84493 wp-block-columns-is-layout-flex\">\n<div class=\"wp-block-column is-layout-flow wp-block-column-is-layout-flow\" style=\"flex-basis:100%\">\n<div class=\"wp-block-group is-layout-flow wp-block-group-is-layout-flow\">\n<div class=\"wp-block-columns is-layout-flex wp-container-core-columns-is-layout-28f84493 wp-block-columns-is-layout-flex\">\n<div class=\"wp-block-column is-layout-flow wp-block-column-is-layout-flow\" style=\"flex-basis:100%\">\n<div class=\"wp-block-group alignfull has-background is-layout-constrained wp-block-group-is-layout-constrained\" style=\"background-color:#f6f6f6;margin-top:0px;margin-bottom:0px;padding-top:80px;padding-bottom:0px\">\n<div class=\"wp-block-columns alignfull has-background is-layout-flex wp-container-core-columns-is-layout-12ca2eb4 wp-block-columns-is-layout-flex\" style=\"background-color:#f6f6f6;padding-right:0px;padding-left:0px\">\n<div class=\"wp-block-column is-vertically-aligned-center has-white-background-color has-background is-layout-flow wp-block-column-is-layout-flow\" style=\"padding-top:20px;padding-bottom:20px\">\n<figure class=\"wp-block-image aligncenter size-full\"><a href=\"http:\/\/artetmemoire-maghreb.org\/wp-content\/uploads\/2025\/10\/Expo-Ksour2025back.gif\" target=\"_blank\" rel=\"noreferrer noopener\"><img loading=\"lazy\" decoding=\"async\" width=\"212\" height=\"300\" src=\"https:\/\/artetmemoire-maghreb.org\/wp-content\/uploads\/2025\/10\/Expo-Ksour2025.jpg\" alt=\"\" class=\"wp-image-331\"\/><\/a><\/figure>\n\n\n\n<h5 class=\"wp-block-heading has-text-align-center has-foreground-color has-text-color has-medium-font-size\"><\/h5>\n<\/div>\n\n\n\n<div class=\"wp-block-column is-vertically-aligned-center has-white-background-color has-background is-layout-flow wp-block-column-is-layout-flow\" style=\"padding-top:20px;padding-bottom:20px\">\n<figure class=\"wp-block-image aligncenter size-full\"><a href=\"http:\/\/artetmemoire-maghreb.org\/wp-content\/uploads\/2025\/03\/Expo-Ambiances2024texte.gif\" target=\"_blank\" rel=\"noreferrer noopener\"><img loading=\"lazy\" decoding=\"async\" width=\"212\" height=\"300\" src=\"http:\/\/artetmemoire-maghreb.org\/wp-content\/uploads\/2025\/03\/Expo-Ambiances2024.gif\" alt=\"\" class=\"wp-image-317\"\/><\/a><\/figure>\n\n\n\n<h5 class=\"wp-block-heading has-text-align-center has-foreground-color has-text-color has-medium-font-size\"><\/h5>\n<\/div>\n\n\n\n<div class=\"wp-block-column is-vertically-aligned-center has-white-background-color has-background is-layout-flow wp-block-column-is-layout-flow\" style=\"padding-top:20px;padding-bottom:20px\">\n<figure class=\"wp-block-image aligncenter size-full\"><a href=\"http:\/\/artetmemoire-maghreb.org\/wp-content\/uploads\/2025\/03\/Expo-Gaza2024texte.gif\" target=\"_blank\" rel=\"noreferrer noopener\"><img loading=\"lazy\" decoding=\"async\" width=\"213\" height=\"300\" src=\"http:\/\/artetmemoire-maghreb.org\/wp-content\/uploads\/2025\/03\/Expo-Gaza2024.gif\" alt=\"\" class=\"wp-image-306\"\/><\/a><\/figure>\n\n\n\n<h5 class=\"wp-block-heading has-text-align-center has-foreground-color has-text-color has-medium-font-size\"><\/h5>\n<\/div>\n<\/div>\n\n\n\n<div class=\"wp-block-columns alignfull has-background is-layout-flex wp-container-core-columns-is-layout-12ca2eb4 wp-block-columns-is-layout-flex\" style=\"background-color:#f6f6f6;padding-right:0px;padding-left:0px\">\n<div class=\"wp-block-column is-vertically-aligned-center has-white-background-color has-background is-layout-flow wp-block-column-is-layout-flow\" style=\"padding-top:20px;padding-bottom:20px\">\n<figure class=\"wp-block-image aligncenter size-full\"><a href=\"http:\/\/artetmemoire-maghreb.org\/wp-content\/uploads\/2023\/11\/Presentation-expo-Dars2023.jpg\" target=\"_blank\" rel=\"noreferrer noopener\"><img loading=\"lazy\" decoding=\"async\" width=\"212\" height=\"300\" src=\"http:\/\/artetmemoire-maghreb.org\/wp-content\/uploads\/2023\/11\/Expo-Dars2023.jpg\" alt=\"\" class=\"wp-image-283\"\/><\/a><\/figure>\n\n\n\n<h5 class=\"wp-block-heading has-text-align-center has-foreground-color has-text-color has-medium-font-size\"><\/h5>\n<\/div>\n\n\n\n<div class=\"wp-block-column is-vertically-aligned-center has-white-background-color has-background is-layout-flow wp-block-column-is-layout-flow\" style=\"padding-top:20px;padding-bottom:20px\">\n<figure class=\"wp-block-image aligncenter size-full\"><a href=\"https:\/\/www.vitry94.fr\/2868-23113\/actualites\/fiche\/la-guerre-d-algerie-vue-par-les-artistes.htm\" target=\"_blank\" rel=\"noreferrer noopener\"><img loading=\"lazy\" decoding=\"async\" width=\"212\" height=\"300\" src=\"http:\/\/artetmemoire-maghreb.org\/wp-content\/uploads\/2023\/03\/Expo-guerrredAlgerie-1.jpg\" alt=\"\" class=\"wp-image-57\"\/><\/a><\/figure>\n\n\n\n<h5 class=\"wp-block-heading has-text-align-center has-foreground-color has-text-color has-medium-font-size\"><\/h5>\n<\/div>\n\n\n\n<div class=\"wp-block-column is-vertically-aligned-center has-white-background-color has-background is-layout-flow wp-block-column-is-layout-flow\" style=\"padding-top:20px;padding-bottom:20px\">\n<figure class=\"wp-block-image aligncenter size-full\"><a href=\"https:\/\/www.vitry94.fr\/2814-24423\/agendas\/fiche\/25e-printemps-des-poetes.htm\" target=\"_blank\" rel=\"noreferrer noopener\"><img loading=\"lazy\" decoding=\"async\" width=\"212\" height=\"297\" src=\"http:\/\/artetmemoire-maghreb.org\/wp-content\/uploads\/2023\/04\/Expo-Poetes-2022v2.jpg\" alt=\"\" class=\"wp-image-183\"\/><\/a><\/figure>\n\n\n\n<h5 class=\"wp-block-heading has-text-align-center has-foreground-color has-text-color has-medium-font-size\"><\/h5>\n<\/div>\n<\/div>\n\n\n\n<div class=\"wp-block-columns alignfull has-background is-layout-flex wp-container-core-columns-is-layout-12ca2eb4 wp-block-columns-is-layout-flex\" style=\"background-color:#f6f6f6;padding-right:0px;padding-left:0px\">\n<div class=\"wp-block-column is-vertically-aligned-center has-white-background-color has-background is-layout-flow wp-block-column-is-layout-flow\" style=\"padding-top:20px;padding-bottom:20px\">\n<figure class=\"wp-block-image aligncenter size-full\"><a href=\"https:\/\/www.vitry94.fr\/2814-24423\/agendas\/fiche\/25e-printemps-des-poetes.htm\" target=\"_blank\" rel=\"noreferrer noopener\"><img loading=\"lazy\" decoding=\"async\" width=\"212\" height=\"297\" src=\"http:\/\/artetmemoire-maghreb.org\/wp-content\/uploads\/2023\/04\/Expo-Poetes-2022-AMM.jpg\" alt=\"\" class=\"wp-image-187\"\/><\/a><\/figure>\n\n\n\n<h5 class=\"wp-block-heading has-text-align-center has-foreground-color has-text-color has-medium-font-size\"><\/h5>\n<\/div>\n\n\n\n<div class=\"wp-block-column is-vertically-aligned-center has-white-background-color has-background is-layout-flow wp-block-column-is-layout-flow\" style=\"padding-top:20px;padding-bottom:20px\">\n<figure class=\"wp-block-image aligncenter size-full\"><a href=\"https:\/\/www.vitry94.fr\/2868-22031\/actualites\/fiche\/retour-sur-la-revolution-tunisienne.htm\" target=\"_blank\" rel=\"noreferrer noopener\"><img loading=\"lazy\" decoding=\"async\" width=\"212\" height=\"297\" src=\"http:\/\/artetmemoire-maghreb.org\/wp-content\/uploads\/2023\/04\/ExpoTunisie-2021v2.jpg\" alt=\"\" class=\"wp-image-185\"\/><\/a><\/figure>\n\n\n\n<h5 class=\"wp-block-heading has-text-align-center has-foreground-color has-text-color has-medium-font-size\"><\/h5>\n<\/div>\n\n\n\n<div class=\"wp-block-column is-layout-flow wp-block-column-is-layout-flow\">\n<h5 class=\"wp-block-heading has-text-align-center has-foreground-color has-text-color has-x-large-font-size\"><strong><mark style=\"background-color:rgba(0, 0, 0, 0)\" class=\"has-inline-color has-black-color\"><\/mark><\/strong><\/h5>\n\n\n\n<figure class=\"wp-block-image aligncenter size-full\"><a href=\"https:\/\/www.vitry94.fr\/fileadmin\/www.vitry94.fr\/MEDIA\/publication\/leRelais\/RELAIS_473_nov_2019.pdf\" target=\"_blank\" rel=\"noreferrer noopener\"><img loading=\"lazy\" decoding=\"async\" width=\"212\" height=\"300\" src=\"http:\/\/artetmemoire-maghreb.org\/wp-content\/uploads\/2023\/03\/ExpoBD2019v2.jpg\" alt=\"\" class=\"wp-image-49\"\/><\/a><\/figure>\n\n\n\n<p class=\"has-foreground-color has-text-color has-small-font-size\"><\/p>\n<\/div>\n<\/div>\n\n\n\n<div class=\"wp-block-columns alignfull has-background is-layout-flex wp-container-core-columns-is-layout-12ca2eb4 wp-block-columns-is-layout-flex\" style=\"background-color:#f6f6f6;padding-right:0px;padding-left:0px\">\n<div class=\"wp-block-column is-vertically-aligned-center has-white-background-color has-background is-layout-flow wp-block-column-is-layout-flow\" style=\"padding-top:20px;padding-bottom:20px\">\n<figure class=\"wp-block-image aligncenter size-full\"><a href=\"http:\/\/www.misk.art\/article\/la-tunisie-carrefour-des-civilisations-de-salah-jabeur\" target=\"_blank\" rel=\"noreferrer noopener\"><img loading=\"lazy\" decoding=\"async\" width=\"603\" height=\"300\" src=\"http:\/\/artetmemoire-maghreb.org\/wp-content\/uploads\/2023\/03\/ExpoTunis.jpg\" alt=\"\" class=\"wp-image-75\" srcset=\"https:\/\/artetmemoire-maghreb.org\/wp-content\/uploads\/2023\/03\/ExpoTunis.jpg 603w, https:\/\/artetmemoire-maghreb.org\/wp-content\/uploads\/2023\/03\/ExpoTunis-300x149.jpg 300w\" sizes=\"auto, (max-width: 603px) 100vw, 603px\" \/><\/a><\/figure>\n\n\n\n<h5 class=\"wp-block-heading has-text-align-center has-foreground-color has-text-color has-medium-font-size\"><\/h5>\n<\/div>\n\n\n\n<div class=\"wp-block-column is-layout-flow wp-block-column-is-layout-flow\">\n<h5 class=\"wp-block-heading has-text-align-center has-foreground-color has-text-color has-x-large-font-size\"><strong><mark style=\"background-color:rgba(0, 0, 0, 0)\" class=\"has-inline-color has-black-color\"><\/mark><\/strong><\/h5>\n\n\n\n<p class=\"has-foreground-color has-text-color has-small-font-size\"><\/p>\n\n\n\n<div class=\"wp-block-buttons is-layout-flex wp-block-buttons-is-layout-flex\"><\/div>\n<\/div>\n\n\n\n<div class=\"wp-block-column is-vertically-aligned-center has-white-background-color has-background is-layout-flow wp-block-column-is-layout-flow\" style=\"padding-top:20px;padding-bottom:20px\">\n<figure class=\"wp-block-image aligncenter size-full\"><a href=\"http:\/\/webcache.googleusercontent.com\/search?q=cache:gUv5YlhDi0kJ:www.ccv-vitry.fr\/evenements\/art-et-memoire-au-maghreb-%25E2%2580%25A2-exposition\/&amp;cd=1&amp;hl=fr&amp;ct=clnk&amp;gl=fr\" target=\"_blank\" rel=\"noreferrer noopener\"><img loading=\"lazy\" decoding=\"async\" width=\"600\" height=\"300\" src=\"http:\/\/artetmemoire-maghreb.org\/wp-content\/uploads\/2023\/03\/Hommage-Alleg.jpg\" alt=\"\" class=\"wp-image-77\" srcset=\"https:\/\/artetmemoire-maghreb.org\/wp-content\/uploads\/2023\/03\/Hommage-Alleg.jpg 600w, https:\/\/artetmemoire-maghreb.org\/wp-content\/uploads\/2023\/03\/Hommage-Alleg-300x150.jpg 300w\" sizes=\"auto, (max-width: 600px) 100vw, 600px\" \/><\/a><\/figure>\n\n\n\n<h5 class=\"wp-block-heading has-text-align-center has-foreground-color has-text-color has-medium-font-size\"><\/h5>\n<\/div>\n<\/div>\n\n\n\n<div class=\"wp-block-columns alignfull has-background is-layout-flex wp-container-core-columns-is-layout-12ca2eb4 wp-block-columns-is-layout-flex\" style=\"background-color:#f6f6f6;padding-right:0px;padding-left:0px\">\n<div class=\"wp-block-column is-vertically-aligned-center has-white-background-color has-background is-layout-flow wp-block-column-is-layout-flow\" style=\"padding-top:20px;padding-bottom:20px\">\n<figure class=\"wp-block-image aligncenter size-full\"><a href=\"https:\/\/www.vitry94.fr\/2814-17405\/agenda\/fiche\/raconte-moi-escale-finale.htm\" target=\"_blank\" rel=\"noreferrer noopener\"><img loading=\"lazy\" decoding=\"async\" width=\"212\" height=\"300\" src=\"http:\/\/artetmemoire-maghreb.org\/wp-content\/uploads\/2023\/03\/Expo_Tunisie.jpg\" alt=\"\" class=\"wp-image-38\"\/><\/a><\/figure>\n\n\n\n<h5 class=\"wp-block-heading has-text-align-center has-foreground-color has-text-color has-medium-font-size\"><\/h5>\n<\/div>\n\n\n\n<div class=\"wp-block-column is-layout-flow wp-block-column-is-layout-flow\">\n<h5 class=\"wp-block-heading has-text-align-center has-foreground-color has-text-color has-x-large-font-size\"><strong><mark style=\"background-color:rgba(0, 0, 0, 0)\" class=\"has-inline-color has-black-color\"><\/mark><\/strong><\/h5>\n\n\n\n<p class=\"has-foreground-color has-text-color has-small-font-size\"><\/p>\n\n\n\n<div class=\"wp-block-buttons is-layout-flex wp-block-buttons-is-layout-flex\"><\/div>\n<\/div>\n\n\n\n<div class=\"wp-block-column is-vertically-aligned-center has-white-background-color has-background is-layout-flow wp-block-column-is-layout-flow\" style=\"padding-top:20px;padding-bottom:20px\">\n<figure class=\"wp-block-image aligncenter size-full\"><img loading=\"lazy\" decoding=\"async\" width=\"200\" height=\"300\" src=\"http:\/\/artetmemoire-maghreb.org\/wp-content\/uploads\/2023\/03\/Expo_Algerie.jpg\" alt=\"\" class=\"wp-image-39\"\/><\/figure>\n\n\n\n<h5 class=\"wp-block-heading has-text-align-center has-foreground-color has-text-color has-medium-font-size\"><\/h5>\n<\/div>\n<\/div>\n<\/div>\n<\/div>\n<\/div>\n<\/div>\n<\/div>\n<\/div>\n\n\n\n<div class=\"wp-block-columns is-layout-flex wp-container-core-columns-is-layout-2eb748b2 wp-block-columns-is-layout-flex\" style=\"margin-top:0px;margin-bottom:0px\">\n<div class=\"wp-block-column is-layout-flow wp-container-core-column-is-layout-47e5a185 wp-block-column-is-layout-flow\" style=\"flex-basis:100%\">\n<div class=\"wp-block-columns is-layout-flex wp-container-core-columns-is-layout-28f84493 wp-block-columns-is-layout-flex\">\n<div class=\"wp-block-column is-layout-flow wp-block-column-is-layout-flow\" style=\"flex-basis:100%\">\n<div class=\"wp-block-columns is-layout-flex wp-container-core-columns-is-layout-28f84493 wp-block-columns-is-layout-flex\">\n<div class=\"wp-block-column is-layout-flow wp-block-column-is-layout-flow\" style=\"flex-basis:100%\">\n<div class=\"wp-block-group alignfull has-background is-layout-flow wp-block-group-is-layout-flow\" style=\"background-color:#f6f6f6;margin-top:0px;margin-bottom:0px;padding-top:0px;padding-bottom:80px\"><\/div>\n<\/div>\n<\/div>\n<\/div>\n<\/div>\n<\/div>\n<\/div>\n<\/div>\n<\/div>\n\n\n\n<div class=\"wp-block-columns has-background is-layout-flex wp-container-core-columns-is-layout-9db31a36 wp-block-columns-is-layout-flex\" style=\"background:linear-gradient(90deg,rgb(242,242,242) 21%,rgb(39,128,140) 21%,rgb(39,128,140) 50%,rgb(242,24,24) 50%,rgb(242,242,242) 50%);padding-top:50px;padding-bottom:50px\">\n<div class=\"wp-block-column is-vertically-aligned-center is-layout-flow wp-block-column-is-layout-flow\">\n<figure class=\"wp-block-embed is-type-video is-provider-youtube wp-block-embed-youtube wp-embed-aspect-4-3 wp-has-aspect-ratio\"><div class=\"wp-block-embed__wrapper\">\n<iframe loading=\"lazy\" title=\"Exposition La guerre d&#039;Alg\u00e9rie (Art et m\u00e9moire au Maghreb)\" width=\"500\" height=\"375\" src=\"https:\/\/www.youtube.com\/embed\/pH2PxGtSdW0?feature=oembed\" frameborder=\"0\" allow=\"accelerometer; autoplay; clipboard-write; encrypted-media; gyroscope; picture-in-picture; web-share\" referrerpolicy=\"strict-origin-when-cross-origin\" allowfullscreen><\/iframe>\n<\/div><\/figure>\n<\/div>\n\n\n\n<div class=\"wp-block-column is-vertically-aligned-center is-layout-flow wp-block-column-is-layout-flow\" style=\"padding-left:50px\">\n<hr class=\"wp-block-separator has-alpha-channel-opacity\"\/>\n\n\n\n<div class=\"wp-block-buttons is-layout-flex wp-block-buttons-is-layout-flex\" style=\"margin-top:40px\">\n<div class=\"wp-block-button\"><a class=\"wp-block-button__link has-text-align-left wp-element-button\">Une petite vid\u00e9o pour pr\u00e9senter l&rsquo;exposition \u00ab\u00a0Guerre et paix en Alg\u00e9rie : t\u00e9moignages d&rsquo;artistes hier et aujourd&rsquo;hui\u00a0\u00bb organis\u00e9e \u00e0 Vitry sur Seine en juin-juillet 2022 par les associations Art et M\u00e9moire au Maghreb et le Secours Populaire Fran\u00e7ais.<\/a><\/div>\n<\/div>\n<\/div>\n<\/div>\n\n\n\n<div class=\"wp-block-group alignfull is-layout-flow wp-block-group-is-layout-flow\" style=\"margin-top:0px;margin-bottom:0px\"><\/div>\n","protected":false},"excerpt":{"rendered":"","protected":false},"author":1,"featured_media":0,"parent":0,"menu_order":0,"comment_status":"closed","ping_status":"closed","template":"","meta":{"footnotes":""},"class_list":["post-36","page","type-page","status-publish","hentry"],"_links":{"self":[{"href":"https:\/\/artetmemoire-maghreb.org\/index.php\/wp-json\/wp\/v2\/pages\/36","targetHints":{"allow":["GET"]}}],"collection":[{"href":"https:\/\/artetmemoire-maghreb.org\/index.php\/wp-json\/wp\/v2\/pages"}],"about":[{"href":"https:\/\/artetmemoire-maghreb.org\/index.php\/wp-json\/wp\/v2\/types\/page"}],"author":[{"embeddable":true,"href":"https:\/\/artetmemoire-maghreb.org\/index.php\/wp-json\/wp\/v2\/users\/1"}],"replies":[{"embeddable":true,"href":"https:\/\/artetmemoire-maghreb.org\/index.php\/wp-json\/wp\/v2\/comments?post=36"}],"version-history":[{"count":40,"href":"https:\/\/artetmemoire-maghreb.org\/index.php\/wp-json\/wp\/v2\/pages\/36\/revisions"}],"predecessor-version":[{"id":333,"href":"https:\/\/artetmemoire-maghreb.org\/index.php\/wp-json\/wp\/v2\/pages\/36\/revisions\/333"}],"wp:attachment":[{"href":"https:\/\/artetmemoire-maghreb.org\/index.php\/wp-json\/wp\/v2\/media?parent=36"}],"curies":[{"name":"wp","href":"https:\/\/api.w.org\/{rel}","templated":true}]}}